 64833 = -42003. What is the highest common divisor of 174 and n?
174
Let c be 476/(-238) - (-13)/((-65)/(-330)). Let x = 503 - 279. What is the greatest common factor of x and c?
32
Let b = -53 + 34. Let o = -19 - b. Suppose o = 5*p - 257 - 23. Calculate the highest common factor of p and 8.
8
Suppose 4*m + 12 = -0. Let o = 31 + m. Suppose 83*k = 165*k - 2535 - 909. Calculate the greatest common divisor of k and o.
14
Let q = -7065 - -7381. What is the highest common divisor of q and 474?
158
Let o(s) = -18*s**3 + 2*s**2 + 3*s + 3. Let x be o(-1). Suppose 0 = -x*j - j + 672. What is the greatest common divisor of j and 64?
32
Let m = -3639 + 3663. Calculate the greatest common divisor of m and 7788.
12
Let b be 125 - (-2 + -2 + 2)*1. Let n = b + -103. Calculate the highest common divisor of n and 192.
24
Suppose -4*r = -q + 1, 5*q - 28 + 6 = 3*r. Let p = -714 - -692. Let c be 26/(-130) + (p/(-10) - 1). What is the greatest common factor of r and c?
1
Suppose 7*u + 129 = 143. Suppose u*g + 92 = 118. Calculate the highest common factor of 351 and g.
13
Suppose -4*m + 2*y + 1083 + 1607 = 0, 667 = m + 5*y. Let o = m - 656. Calculate the greatest common factor of o and 208.
16
Let l = 66 + 71. Let i = l - 128. What is the highest common divisor of i and 9?
9
Let p(l) = 13*l - 40. Let s be p(80). Calculate the greatest common divisor of s and 460.
20
Let q = 320 - 307. Let v(z) = 4*z + 1 + 0*z + 2*z + 3. Let n be v(8). Calculate the greatest common divisor of q and n.
13
Suppose 3*g - 293 = 2*s, 181 + 102 = 3*g - 4*s. Suppose 4*p - 4*z = 104, -4*p - z + 6*z = -g. What is the greatest common factor of 203 and p?
29
Let c(n) = -96*n - 2788. Let i be c(-34). Calculate the highest common divisor of 518 and i.
14
Let b(d) = 3*d**2 - 236*d + 1010. Let u be b(100). What is the highest common factor of u and 260?
130
Let u(g) = g**2 + 3*g - 18. Let n(b) = 5*b**2 + 12*b - 72. Let d(r) = 2*n(r) - 9*u(r). Let x be d(3). What is the highest common factor of 30 and x?
6
Suppose -1 = -a + 3. Let o be 188/3 - a/6. Let n = -95650 - -95681. What is the highest common divisor of n and o?
31
Let d = 20296 + -19664. Calculate the highest common divisor of d and 84.
4
Let n be (-5 + (-496)/(-24))/((-3)/(-18)). Calculate the highest common divisor of n and 5734.
94
Let b = 489 + -482. Suppose b*o + 2*z = 10*o - 228, 5*o + 2*z - 364 = 0. What is the highest common factor of 111 and o?
37
Suppose -7*z - 2119 = -9*z + g, 3*z - 7*g - 3173 = 0. Calculate the greatest common factor of z and 260.
20
Let g be (-3722)/(-7) - (-8)/28. Suppose x = -x + g. Let c(r) = 42*r - 1138. Let w be c(28). What is the highest common factor of w and x?
38
Suppose g = -4*c + 450, -4*c - 2*g - 220 = -6*c. Suppose -9*p = 5*p - c. Calculate the greatest common factor of p and 76.
4
Let q be (-48)/12 - (-2 - (1 + -1)). Let h be (-3)/((-12)/(-16))*12/q. Calculate the highest common factor of 216 and h.
24
Let u(t) = 17*t**2 - 281*t - 55. Let c be u(18). Calculate the greatest common divisor of 35 and c.
5
Let c(h) = 20*h**3 - 28*h**2 - 31*h + 87. Let m be c(9). What is the greatest common divisor of 120 and m?
120
Let k = -1 - -6. Suppose 4*i - 39 = 3*z, -6*i + 2*i = k*z - 31. Let y be 110/i + (-12)/54. Calculate the greatest common divisor of y and 6.
6
Let d(f) = 6*f + 8. Let x be d(8). Let q = 152 - 48. Let l = q - x. Calculate the highest common divisor of 32 and l.
16
Let m be (-1 - -3)/((-4)/(-30)). Let t be (1 - (2 - -1))/((-4)/(-450)). Let i = 255 + t. What is the greatest common divisor of i and m?
15
Let c = -2147 + 2702. Calculate the highest common factor of 1332 and c.
111
Suppose 106*h = -146 + 23 + 653. Suppose -4*t + 124 = 28. Suppose t = -5*g + 124. What is the greatest common divisor of h and g?
5
Let i = 673 + -267. Suppose 0 = 34*a - 5*a - i. Calculate the greatest common factor of 182 and a.
14
Let p(u) = u**3 + 41*u**2 - 43*u - 41. Let d be p(-42). Let n = 49 + -4. Calculate the greatest common divisor of d and n.
1
Let j = 2047 - 1997. Calculate the greatest common divisor of j and 145.
5
Suppose -1664*b = -1666*b + 24 + 18. What is the greatest common divisor of 28 and b?
7
Let m = 166 - 164. Let d be 5 - -10 - (-1 + m + -1). Calculate the highest common divisor of 10 and d.
5
Let p(u) = 13*u**2 + 11*u. Suppose 3*m + 5*b - 28 = 4*m, 3*m + 24 = 3*b. Let i be p(m). What is the greatest common divisor of i and 210?
42
Let u be 255/(-204) + (-681)/(-4) + -8. Calculate the greatest common factor of u and 49.
7
Suppose 0 - 18 = -3*z. Let g = -1662 - -1664. Suppose -z*x = -g*x - 352. What is the highest common divisor of x and 11?
11
Suppose 6*p = 2*p + 4*q + 772, -3*p + 589 = -q. Suppose -7*x + 21 = 147. Let l be (-3)/(((-15)/20)/(x/(-4))). What is the highest common factor of l and p?
18
Let r = 2328 - 2250. Calculate the greatest common divisor of 19422 and r.
78
Suppose 3*c = 3*i + 16074, 1548*i + 8 = 1552*i. Calculate the highest common divisor of 80 and c.
80
Let y(f) = -f**2 + 10*f + 7. Let c be y(5). Suppose i - 11*v + 13*v = 140, -4*i + 566 = 5*v. What is the greatest common divisor of i and c?
16
Let x be 1623/18 - 23/138. Let o(f) = -f**3 + 7*f**2 - 5. Let s be o(7). Let m be 3/s + 744/40. What is the highest common factor of m and x?
18
Let l = -354 - -532. Let p = -158 + l. Calculate the highest common factor of p and 10.
10
Let t be (-4 + 4)/(-1 - 0). Suppose -2*w + 4*w = t. Suppose -i - 4 + 5 = w. Calculate the greatest common divisor of 5 and i.
1
Let y = -69 - -70. Let k(s) = 10*s + 5*s + 0*s**2 + y - s**2 - 5. Let d be k(12). What is the greatest common divisor of d and 48?
16
Let y = 43 + -43. Let i be (y*5/20)/(-1). Let c be (-3 - i)*20/(-12). What is the greatest common factor of c and 35?
5
Let w = -2979 - -3144. Calculate the highest common factor of 6215 and w.
55
Suppose 4*n + 4*n - 96 = 0. Suppose -2*u - 4*u + n = 0. Let p be 3 - -34*(u + 6/(-4)). What is the highest common divisor of p and 30?
10
Let z(d) = -2*d - 7. Let t be z(-12). Let a(u) = -2*u - 140. Let k be a(0). Let b = k - -174. What is the highest common divisor of t and b?
17
Suppose -159135 = -15*q - 158775. Let w be (3 + 1)/2 - -1. What is the greatest common factor of w and q?
3
Let p(f) = 2*f - 5. Let t be p(5). Suppose -285 = -t*b - 80. Let i be b*3 + 9 + -7. Calculate the greatest common factor of i and 25.
25
Suppose 187*l + u = 193*l - 187, 0 = -3*u - 21. What is the greatest common divisor of l and 3126?
6
Suppose -80 = -11*l - 927. Let y = 89 + l. What is the highest common divisor of 32 and y?
4
Let s be ((-5)/2)/(1/(-2))*18717/1835. Calculate the greatest common divisor of s and 11509.
17
Let k(m) = -m**3 - 21*m**2 - 11. Let n be k(-21). Let x = n + 9. Let j(h) = -5*h + 2. Let w be j(x). What is the highest common factor of 84 and w?
12
Suppose -1752 - 5430 = 35*h - 149*h. What is the highest common divisor of h and 3234?
21
Let z = -11799 - -12002. Calculate the highest common factor of 301 and z.
7
Let h be 6/12*-15*2/(-3). Let c = 35 - h. Calculate the greatest common factor of c and 15.
15
Let l = 3 + 127. Let s(w) = 232*w + 8372. Let o be s(-36). Calculate the highest common divisor of l and o.
10
Let o(g) = -g**3 - 6*g**2 - 14*g - 13. Let q be o(-3). Suppose -q*x - 1332 = -6*x. Let j be 3*3/(-18)*-74. Calculate the highest common divisor of j and x.
37
Let d(v) = -v + 13. Let t be d(7). Suppose 31 + 12 + 83 = 7*x. Calculate the highest common divisor of t and x.
6
Suppose -5*n - 50 = -3*s, s + 3*s - 3*n - 52 = 0. Suppose 294*m - 7735 = 203*m. Calculate the highest common factor of s and m.
5
Let s be (-714)/(-30) + (-16)/20 + -14. Suppose -4*m + 3*d - 4 = -0, -m = 3*d + 1. Let k be (2 - -11*13) + m. What is the highest common factor of k and s?
9
Suppose 119*m - 134*m + 12092 + 55108 = 0. Calculate the greatest common factor of m and 35.
35
Let r = -39124 - -39128. Let a be (3 + 1)*(-2 - -10). Suppose k + 4*l - 6 = 0, -7 = 2*k - 5*l - a. What is the highest common factor of k and r?
2
Let r = -20 + 45. Let m = 364 - 264. Calculate the highest common factor of m and r.
25
Let o(b) = 8*b**2 + 2*b - 102. Let u be o(-5). Calculate the highest common divisor of u and 616.
88
Suppose 5*r - 9953 - 3857 = 0. Suppose 5*d = 3*i + r, 9 = 5*i + 4. Calculate the highest common divisor